tens digit of 8952?
5
What is the tens digit of 265?
6
What is the hundreds digit of 3926?
9
What is the hundreds digit of 20466?
4
What is the hundreds digit of 1313?
3
What is the tens digit of 154?
5
What is the units digit of 6695?
5
What is the hundreds digit of 105?
1
What is the units digit of 1533?
3
What is the hundreds digit of 780?
7
What is the hundreds digit of 21415?
4
What is the units digit of 7418?
8
What is the tens digit of 7919?
1
What is the units digit of 41122?
2
What is the thousands digit of 9497?
9
What is the hundreds digit of 3229?
2
What is the tens digit of 3310?
1
What is the units digit of 66036?
6
What is the units digit of 1335?
5
What is the hundreds digit of 1903?
9
What is the ten thousands digit of 59478?
5
What is the hundreds digit of 4607?
6
What is the units digit of 716?
6
What is the units digit of 17774?
4
What is the tens digit of 4004?
0
What is the thousands digit of 1263?
1
What is the hundreds digit of 421?
4
What is the thousands digit of 10581?
0
What is the thousands digit of 13620?
3
What is the thousands digit of 143205?
3
What is the units digit of 29882?
2
What is the units digit of 1511?
1
What is the units digit of 1928?
8
What is the tens digit of 14025?
2
What is the hundreds digit of 957?
9
What is the ten thousands digit of 40732?
4
What is the thousands digit of 3634?
3
What is the units digit of 11936?
6
What is the ten thousands digit of 170361?
7
What is the thousands digit of 3709?
3
What is the tens digit of 7314?
1
What is the hundreds digit of 1875?
8
What is the tens digit of 24?
2
What is the thousands digit of 4606?
4
What is the tens digit of 1590?
9
What is the units digit of 20766?
6
What is the thousands digit of 85507?
5
What is the tens digit of 789?
8
What is the thousands digit of 2271?
2
What is the thousands digit of 54897?
4
What is the tens digit of 1987?
8
What is the tens digit of 18639?
3
What is the tens digit of 2901?
0
What is the thousands digit of 22824?
2
What is the units digit of 4382?
2
What is the tens digit of 39089?
8
What is the tens digit of 8991?
9
What is the tens digit of 1796?
9
What is the ten thousands digit of 50357?
5
What is the units digit of 3632?
2
What is the ten thousands digit of 132060?
3
What is the hundreds digit of 11531?
5
What is the hundreds digit of 36090?
0
What is the hundreds digit of 1098?
0
What is the hundreds digit of 1729?
7
What is the units digit of 15537?
7
What is the hundreds digit of 19338?
3
What is the tens digit of 941?
4
What is the units digit of 47783?
3
What is the units digit of 750?
0
What is the tens digit of 547?
4
What is the units digit of 46962?
2
What is the tens digit of 102445?
4
What is the units digit of 263?
3
What is the tens digit of 3346?
4
What is the ten thousands digit of 18901?
1
What is the hundreds digit of 658?
6
What is the units digit of 48487?
7
What is the units digit of 4794?
4
What is the tens digit of 818?
1
What is the tens digit of 1153?
5
What is the thousands digit of 15782?
5
What is the hundreds digit of 690?
6
What is the units digit of 16857?
7
What is the thousands digit of 65655?
5
What is the ten thousands digit of 48033?
4
What is the tens digit of 996?
9
What is the thousands digit of 1492?
1
What is the ten thousands digit of 20899?
2
What is the hundreds digit of 2223?
2
What is the hundreds digit of 46833?
8
What is the units digit of 414?
4
What is the thousands digit of 40806?
0
What is the hundreds digit of 21002?
0
What is the ten thousands digit of 16208?
1
What is the hundreds digit of 32631?
6
What is the hundreds digit of 1798?
7
What is the tens digit of 1987?
8
What is the units digit of 38481?
1
What is the thousands digit of 94376?
4
What is the ten thousands digit of 14761?
1
What is the tens digit of 83765?
6
What is the tens digit of 61654?
5
What is the hundreds digit of 727?
7
What is the hundreds digit of 86812?
8
What is the tens digit of 846?
4
What is the tens digit of 892?
9
What is the tens digit of 2562?
6
What is the thousands digit of 1616?
1
What is the units digit of 13918?
8
What is the thousands digit of 2046?
2
What is the tens digit of 65647?
4
What is the units digit of 2981?
1
What is the hundreds digit of 144554?
5
What is the units digit of 1902?
2
What is the thousands digit of 22634?
2
What is the units digit of 28588?
8
What is the thousands digit of 1989?
1
What is the hundreds digit of 4370?
3
What is the units digit of 2395?
5
What is the thousands digit of 2125?
2
What is the units digit of 830?
0
What is the units digit of 1656?
6
What is the units digit of 636?
6
What is the tens digit of 40743?
4
What is the thousands digit of 8774?
8
What is the hundred thousands digit of 102036?
1
What is the thousands digit of 7374?
7
What is the thousands digit of 1344?
1
What is the hundreds digit of 509?
5
What is the hundreds digit of 77697?
6
What is the tens digit of 5197?
9
What is the thousands digit of 145337?
5
What is the units digit of 12563?
3
What is the units digit of 684?
4
What is the tens digit of 1251?
5
What is the units digit of 9045?
5
What is the tens digit of 25072?
7
What is the units digit of 17563?
3
What is the hundreds digit of 16723?
7
What is the thousands digit of 24684?
4
What is the tens digit of 5470?
7
What is the hundreds digit of 4247?
2
What is the thousands digit of 142545?
2
What is the units digit of 867?
7
What is the units digit of 32?
2
What is the tens digit of 457?
5
What is the tens digit of 62837?
3
What is the tens digit of 39324?
2
What is the units digit of 2176?
6
What is the thousands digit of 52154?
2
What is the units digit of 8446?
6
What is the units digit of 19515?
5
What is the hundreds digit of 16695?
6
What is the hundreds digit of 369?
3
What is the hundreds digit of 3761?
7
What is the tens digit of 1210?
1
What is the tens digit of 4690?
9
What is the tens digit of 7084?
8
What is the thousands digit of 47027?
7
What is the ten thousands digit of 88015?
8
What is the thousands digit of 50172?
0
What is the hundreds digit of 21653?
6
What is the ten thousands digit of 44080?
4
What is the hundreds digit of 908?
9
What is the units digit of 71752?
2
What is the tens digit of 14?
1
What is the hundreds digit of 24056?
0
What is the tens digit of 1308?
0
What is the thousands digit of 5033?
5
What is the thousands digit of 132059?
2
What is the thousands digit of 1295?
1
What is the hundreds digit of 1334?
3
What is the tens digit of 29079?
7
What is the tens digit of 98?
9
What is the thousands digit of 20294?
0
What is the hundreds digit of 3740?
7
What is the tens digit of 64545?
4
What is the units digit of 13516?
6
What is the thousands digit of 33267?
3
What is the units digit of 71737?
7
What is the tens digit of 2226?
2
What is the thousands digit of 4747?
4
What is the tens digit of 43094?
9
What is the thousands digit of 4194?
4
What is the thousands digit of 2804?
2
What is the tens digit of 242?
4
What is the hundreds digit of 848?
8
What is the thousands digit of 70949?
0
What is the tens digit of 1043?
4
What is the units digit of 9702?
2
What is the thousands digit of 4113?
4
What is the hundreds digit of 44845?
8
What is the tens digit of 2021?
2
What is the units digit of 542?
2
What is the hundreds digit of 11315?
3
What is the thousands digit of 8052?
8
What is the thousands digit of 73184?
3
What is the units digit of 7613?
3
What is the tens digit of 1247?
4
What is the tens digit of 47860?
6
What is the hundreds digit of 11570?
5
What is the tens digit of 91886?
8
What is the hundreds digit of 1978?
9
What is the units digit of 713?
3
What is the tens digit of 1200?
0
What is the hundreds digit of 28334?
3
What is the hundreds digit of 508?
5
What is the tens digit of 670?
7
What is the thousands digit of 16523?
6
What is the units digit of 30403?
3
What is the units digit of 25779?
9
What is the hundreds digit of 2566?
5
What is the tens digit of 96?
9
What is the units digit of 1134?
4
What is the units digit of 118969?
9
What is the hundreds digit of 422?
4
What is the hundreds digit of 91903?
9
What is the tens digit of 887?
8
What is the ten thousands digit of 20166?
2
What is the hundreds digit of 2365?
3
What is the hundreds digi